
9
Suppose -2*r + 5*j = -184, 0 = 2*r + 4*j - 96 - 124. Suppose 0 = 3*m - 63 - r. Calculate the remainder when m is divided by 19.
17
Suppose a - 17 - 22 = 0. Calculate the remainder when a is divided by 10.
9
Suppose 4*n - 4 = 3*n. Suppose 6 = n*g + 86. Let v = g + 39. What is the remainder when v is divided by 10?
9
Suppose 5*g = 4*w - 232 + 50, -6 = -3*g. Let j(z) = -10*z + 133. What is the remainder when w is divided by j(12)?
9
What is the remainder when 91 is divided by (-1)/(-6) - (447/(-18) - -2)?
22
Suppose -o = 0, 25 = 3*s + 4*o - 2. What is the remainder when s is divided by 2 + ((-36)/(-28) - (-6)/(-21))?
0
Let h(l) = -l. Let j(b) = 8*b + 1. Let x(u) = 2*h(u) + j(u). Calculate the remainder when 18 is divided by x(1).
4
Suppose 0 = 4*t - c - 0*c - 12, -2*t + 3*c = -6. Suppose -4*h + 3 = -j, t*h + 17 = 5*j - 2. Calculate the remainder when 13 is divided by j.
3
Suppose 0 = 37*m - 32*m - 20. Suppose 5*y = -3*x - 28, -x + 3*x + 4*y = -22. Calculate the remainder when 1*x + 6*2 is divided by m.
3
Suppose -2*k = -13 - 19. Suppose -4*p - 3 + 2 = -m, -2*m = 3*p - 24. What is the remainder when k is divided by m?
7
Let y(u) = -28*u**3 - u**2 - u - 1. What is the remainder when y(-1) is divided by 15?
12
Suppose 0 = 2*y - 80 - 12. Suppose 0 = -4*s + 26 + y. What is the remainder when 35 is divided by s?
17
Suppose 2*m - 33 = b - 0*b, 0 = 3*m - 2*b - 52. Suppose -5*f + 2*x = -123, -f + 3*x = -2*x - 20. Calculate the remainder when f is divided by m.
11
Let i(v) = 15*v**2 - 3*v + 1. Let j(z) = -6*z**2 - 5*z + 2*z - 3*z + z**3 + 12. What is the remainder when i(2) is divided by j(7)?
17
Suppose 5*n = -0*n + 290. Suppose 3*y = -2*z - 27, z - y - n = 4*z. What is the remainder when 4 is divided by (-57)/z + (-4)/(-14)?
1
Let y(i) = i**3 - 4*i**2 - 3*i. Let x be y(5). Let k = -7 + x. Calculate the remainder when 4 is divided by k.
1
Let c = 398 - 280. What is the remainder when c is divided by 15?
13
Suppose 3*d + 151 = 2*k - 0*k, 4*d = k - 63. What is the remainder when k is divided by 22?
17
Let j(l) = -l**2 + 8*l - 7. Let n(t) = -9*t - 15. What is the remainder when n(-3) is divided by j(6)?
2
Suppose 7*q = 353 - 101. What is the remainder when 178 is divided by q?
34
Let f(u) = u**3 - 5*u + 2. Suppose 4*h - 470 = -78. Suppose -5*k + 43 + 52 = 4*p, -4*p - 2*k + h = 0. What is the remainder when p is divided by f(3)?
11
Suppose -2*s - 3*s = -115. Suppose -2*h = 3*v - 123, -3*v = -7*v - 4*h + 160. Calculate the remainder when v is divided by s.
20
Let o = -32 + 51. What is the remainder when 73 is divided by o?
16
Suppose -3*w + 2 + 133 = 0. Calculate the remainder when w is divided by 28/(-35)*(-1)/((-1)/(-20)).
13
Let o = 13 - 23. Let a(y) = -6*y - 6 + 0*y**2 - y**2 - 6*y. What is the remainder when 27 is divided by a(o)?
13
Let w(y) = 5*y - 28. What is the remainder when w(17) is divided by 24?
9
Let p(g) = 0*g + g - 3*g + 4 + 3*g**2 - 1. Calculate the remainder when 19 is divided by p(2).
8
Suppose k = -5*d + 6 + 34, -5*d = -4*k - 40. Let h = -23 - -46. What is the remainder when h is divided by d?
7
Suppose 0*f = 5*f. Suppose f = -3*r - 11 + 29. Let w(c) = c**2 - c + 11. What is the remainder when w(0) is divided by r?
5
Suppose -x + 4*j + 75 + 1 = 0, 2*j + 262 = 4*x. Let m = -17 + x. Suppose 0*k + k = 16. What is the remainder when m is divided by k?
15
Let j = -19 - -51. Suppose a - 3*p + 11 = 0, -2*p = 2*a - 4*p + 10. What is the remainder when j is divided by a/3 + 105/9?
10
Suppose g + 0 = 9. Suppose 2*u - 5*u + 102 = 0. Calculate the remainder when u is divided by g.
7
Let v = -22 + 37. Calculate the remainder when 26 is divided by v.
11
Suppose 102 = 3*u - 5*x, 2*x + 3*x + 131 = 4*u. Let z = -301 + 311. Calculate the remainder when u is divided by z.
9
Suppose -229 = -3*z - 2*z - 3*h, 79 = 2*z - 3*h. What is the remainder when z is divided by 23?
21
Let i(z) = -z**3 + 8*z**2 - 5*z - 10. Suppose v = -s + 8, 0*s + 3*s - 17 = 4*v. Let o(u) = -u + 9. What is the remainder when i(s) is divided by o(6)?
1
Let x be -9*4/(-6)*-1. Let t(z) = -7*z - 3. Let g be t(x). Let r = g + -23. What is the remainder when 31 is divided by r?
15
Suppose -4*j + 20 = -4. Calculate the remainder when 17 is divided by j.
5
Suppose -6 = 4*m - 14. Suppose -c = -m*c. Suppose 3*o + 1 - 7 = c. What is the remainder when 2 is divided by o?
0
Let p(h) be the third derivative of h**5/30 + h**4/24 - h**3/6 + h**2. What is the remainder when p(2) is divided by -5 + 8/4 + 14/2?
1
Suppose -4*g = -5*c + 194, c = 2*c - 3*g - 30. Calculate the remainder when c is divided by (-44)/(-3)*(-15)/(-10).
20
Let d(o) = o**3 - 18*o**2 - 17*o - 21. What is the remainder when 33 is divided by d(19)?
16
Let s(f) = 3*f - 1. Let w be s(-1). Suppose 4*q + 0*q + 28 = 0. Let d = w - q. What is the remainder when 7 is divided by d?
1
Let z(u) = u**3 - 5*u**2 + 3*u + 5. Let w be z(4). What is the remainder when w + (-2)/2 - -23 is divided by 6?
5
Let a(z) = -z**2 - 12*z - 17. Calculate the remainder when 29 is divided by a(-8).
14
Let y be ((-12)/15)/((-4)/70). Calculate the remainder when (-4)/y + (-4212)/(-42) is divided by 34.
32
Let d = -13 + 16. Calculate the remainder when ((-12)/(-10))/(33/220) is divided by d.
2
Suppose -5*h + 66 = d, 4*d + h + 0*h = 226. Suppose 3*r + 17 = d. Calculate the remainder when 50 is divided by r.
11
Suppose -q + 45 = 4*l - 6, 4*q = -3*l + 48. Let k = 24 - -21. Calculate the remainder when k is divided by l.
9
Let h be 75/10 - 1/(-2). Suppose -3*k - 35 = -h*k. What is the remainder when 20 is divided by k?
6
Let s be 202/3 + 26/39. What is the remainder when 51 is divided by s/5 + 6/(-10)?
12
Calculate the remainder when 138 is divided by (3/((-18)/(-188)))/(18/27).
44
Suppose -4*l - 6 = j + 4, 5*l + 7 = -4*j. Calculate the remainder when 17 is divided by j.
1
Calculate the remainder when 31 is divided by 1/5 + 324/30.
9
Let q = -7 + 12. Suppose -v + 2*v + 3 = -q*d, 4*v - 3*d - 11 = 0. Suppose 2*t = 2*u + 30, 3*t - 42 = -0*t + v*u. What is the remainder when 23 is divided by t?
11
Suppose -4*i + 0 = -p - 21, 0 = -i - 5*p. What is the remainder when 18 is divided by 1*(i - 3) - -3?
3
Let m = 255 + -152. Calculate the remainder when m is divided by 52.
51
Let y(k) = -2*k + 15. Calculate the remainder when y(5) is divided by 3.
2
Suppose 0*w + 2*w = -5*x + 200, 3*x + 3*w = 111. Calculate the remainder when x is divided by 11.
9
Let h(y) = y - 11. Let j be h(6). Let z(k) = -k**3 - k**2 + 4*k. Calculate the remainder when z(j) is divided by 27.
26
Let x = -1 + 6. Suppose x*p - 2*p - 4*r = 125, 133 = 3*p + 4*r. Calculate the remainder when p is divided by 15.
13
What is the remainder when 52 is divided by (5 + -40)*(-6)/15?
10
Let n(i) = i**3 - 5*i**2 + 2*i - 7. Let m be n(5). Suppose -4*f - m*f = -175. What is the remainder when f is divided by 7?
4
Suppose -l - l = 4*v - 16, 0 = -2*l. Suppose 5*r - g + v*g = 106, -r + 4*g + 35 = 0. What is the remainder when 66 is divided by r?
20
Suppose m + 0 = 1. Suppose 2*q - m = 9, -88 = -f - 5*q. What is the remainder when f is divided by 22?
19
Let j(b) = b + 23. Calculate the remainder when j(0) is divided by 6.
5
Let x(p) = -p**2 - p + 50. Let d(t) = -3*t - 8. Calculate the remainder when x(0) is divided by d(-7).
11
Let g(w) = -w**3 - 5*w**2 - 5*w. Let m be g(-4). Let u = m + 8. Let h = 6 + 28. Calculate the remainder when h is divided by u.
10
Let s = 2 - -11. Suppose 0 = -3*w - 4 + s. Calculate the remainder when w is divided by 1.
0
Let b(u) = u**2 - 4*u - 5. What is the remainder when 12 is divided by b(-2)?
5
Let k(o) = -3*o**3 + o**2 + o + 2. Let b(n) = 6*n**2 - 5*n - 2*n**3 - n + 5 + 3*n**3. Let y be b(-7). Calculate the remainder when k(y) is divided by 15.
13
Let j be (-2)/6 + 3/9. Suppose 3*g - 8 - 10 = j. Suppose t - g = 5. What is the remainder when 32 is divided by t?
10
Suppose -2*n = 14 - 64. Suppose 2*g - 161 = -7*d + 2*d, 4*g - 280 = 4*d. Calculate the remainder when g is divided by n.
23
Let o = -42 - -92. Let v = o + -33. What is the remainder when v is divided by 9?
8
Suppose -19 = -5*p - 4*v - 0*v, -4*p + 3*v = -9. Suppose 16 = h + p*h. Suppose h*c = 23 + 65. Calculate the remainder when c is divided by 12.
10
Let o = -461 - -817. What is the remainder when o is divided by 51?
50
Let h(b) = -b